 = -72*u - 535. What is the hundreds digit of u?
1
Let c = -41 - -23. Let j = c - -43. What is the units digit of j?
5
Suppose 6*h + 5 = 7*h, -9239 = -3*q - h. What is the tens digit of q?
7
Suppose 28 = 8*l - l. Suppose v = q - 16, l*q - 8*v - 62 = -3*v. What is the units digit of q?
8
Suppose 52*k + 34598 = 196214. What is the tens digit of k?
0
Suppose 201*g - 192*g - 666 = 0. What is the units digit of g?
4
Let q(d) = -d**3 + 7*d**2 - 2*d + 1. Let y = -21 - -25. What is the units digit of q(y)?
1
Let f(u) = -u + 12. Let n be f(-15). Suppose -q = 3*q + 3*k - n, 2*k = -3*q + 19. Suppose o = q*o - 22. What is the tens digit of o?
1
Let v(k) = -55*k**3 - 7*k**2 - 3*k + 7. What is the thousands digit of v(-3)?
1
Let l be ((-6)/(-6))/((2/71)/2). Suppose f + 285 = 5*f + 3*p, f = -p + l. What is the tens digit of f?
7
Let q be 15/(-1)*6/(-6). Suppose 0 = -5*p + 2*l - 3*l - 58, 5*l + q = 0. What is the units digit of 8*4/(-8)*p?
4
Let m(q) = 63*q - 12. Let u be m(6). Let b = u + -185. What is the tens digit of b?
8
Let x be (-74)/(-14) + 2/(-7). What is the tens digit of (3635/6)/x + (-19)/114?
2
Let o = -520 + 1265. What is the units digit of o?
5
Let q(o) = 8*o**2 + 14*o - 10. What is the hundreds digit of q(-7)?
2
Suppose 2*m + 752 - 1596 = 0. What is the tens digit of m?
2
Let j be ((-1)/(-2))/(5/40). Let b = -6 + j. What is the tens digit of b/(-8)*-10*-10?
2
Let i(c) = 2*c**2 - 3*c. Let z be i(3). Suppose -5*j = -5*a + z + 11, -j = -4*a + 25. Let h(l) = l**3 - 8*l**2 + 7*l + 4. What is the units digit of h(a)?
4
Let h be (-3)/7 + 24/7. Suppose 2*o - 2*x - 40 = 0, -h*o + 2*x + 42 = -15. What is the tens digit of 0 - -4 - (-102)/o?
1
Suppose -10773 = -5*n + 2*n. What is the thousands digit of n?
3
Let y be ((-13)/(-13))/(2/14). Let i be (-1 - (-51)/21)*y. Suppose i*h = 7*h + 105. What is the units digit of h?
5
Let c be 0/((-2)/(-2)) - 693/(-9). Suppose -6*h - 23 + c = 0. What is the units digit of h?
9
Suppose -3*m + 6*w - w = 11, 3*m = -4*w + 25. What is the units digit of ((-1)/m)/((-11)/1716)?
2
Suppose 4*i = 8, n = 3*i - 3 - 2. Let y be n/(-2) + 14/4. Suppose 3*p - 116 = -5*f, y*f + 8 = -f. What is the units digit of p?
2
Let a be 10 + ((-12)/3)/1. Suppose -a*s + 115 = -5. What is the units digit of s?
0
What is the hundreds digit of 1 + ((-12448)/10)/(14/(-35))?
1
Suppose -560 = -5*t + 2*l, t + l = 5*l + 112. Let f(z) = -3*z - 36. Let b be f(-13). Suppose t = -b*j + 7*j. What is the tens digit of j?
2
Let g(y) = -y**3 - 19*y**2 + 16*y - 81. What is the hundreds digit of g(-21)?
4
Let x be (3 + -3)/(8/(-12)*-3). Suppose 2*h - j - 56 = 4*j, -h - j + 21 = x. What is the tens digit of h?
2
Suppose -2 - 2 = -4*r. Let u(b) = -3*b + 5 + r + 2*b - 4*b. What is the tens digit of u(-6)?
3
Suppose 5*k = -5*c + 465, -28*k - 357 = -32*k - c. What is the units digit of k?
8
Let l be 153/85 - 2/(-10). Suppose -66 = -4*j - l*c, 0*c = j + c - 16. What is the tens digit of j?
1
Let c(v) = 4*v**2 - 5*v - 5. Let p be c(5). Suppose -332 = -2*i - p. What is the units digit of i?
1
Suppose g - 2*g + 851 = 0. Suppose -287 = -j - f - 75, f = -4*j + g. What is the tens digit of j?
1
Let h = -84 - -158. Suppose 4*v - 306 = -h. What is the tens digit of v?
5
Let n(g) = 15*g**2 + 35*g - 36*g - 5*g**2 - 2. What is the tens digit of n(3)?
8
Let f(y) = y**2 - 4*y + 1. Let t be f(3). Let u be (117/(-26))/(t/(-12)). What is the tens digit of u/(-45)*190/2?
5
Let s(g) = 13*g**2 - g. Let w be 2/((-2)/(3 - 2)). What is the units digit of s(w)?
4
Suppose -j = 5*b - 27, 4*b = 8*b - 4. Let m = 2 - j. Let f = 45 + m. What is the tens digit of f?
2
Let m = -22 - -20. Let w(o) = 3*o**2 - o + 1. Let i be w(m). What is the units digit of (33/(-55))/((-1)/i)?
9
Let o(u) = u**3 - u**2 - u + 1. Let w be o(2). Suppose -72 = -w*n + 228. Suppose -8*q + 4*q + n = 0. What is the units digit of q?
5
Let l = 611 + -302. What is the hundreds digit of l?
3
Let o be 2172/(-8)*6/9. Let b = -59 - o. Suppose -5*u + 4*g = -b, -5*u - g + 77 = -55. What is the units digit of u?
6
Let q(d) = -86 + 2*d**2 + 13*d - d**2 + 25 + 36. What is the units digit of q(-15)?
5
Suppose -2*c + 27 = 5*r, 2*r = -3*c + 4 + 9. What is the units digit of 42*c - (-6 + 1 - -5)?
2
Let b be ((-2)/(-4))/((-3)/(-12)). Suppose 5*q - 75 = -5*m, 0*q + 4*m = -b*q + 40. Suppose q = -v + 17. What is the units digit of v?
7
Suppose -3*o = 2*o - 1980. What is the tens digit of o?
9
Suppose -12*k = -11*k - 2. Suppose -w - k*l + 147 = 0, 139 = w + 2*l + 2*l. What is the tens digit of w?
5
Let l = -60 + 64. Suppose 2*q = 4*f - 682, l*q = 3 + 9. What is the hundreds digit of f?
1
Let z be ((-1)/3*4)/((-2)/3). Suppose 0 = -2*g + 5*f + 167, -176 = -0*g - 2*g + z*f. What is the tens digit of g?
9
What is the units digit of 34 + 295 - (-10)/(-4)*2?
4
Suppose -2*q + q + 3 = -3*h, -2 = -2*h. Suppose -q*s = -581 + 155. What is the tens digit of s?
7
Let n(y) = 5*y**2 + 6*y + 36. What is the tens digit of n(-9)?
8
Suppose 10*q = 19798 - 4078. What is the units digit of q?
2
Suppose 5*l = 4*r - 652, -r - 4*r + 2*l = -832. What is the units digit of r?
8
What is the units digit of (((-38)/3)/1)/((-318)/38637)?
9
What is the units digit of 577/(-7)*(13 - 20)?
7
What is the units digit of (((-9680)/25)/(-4))/(2/5)?
2
Suppose -5*r + 3*g = -8623, -1739 = -20*r + 19*r - 3*g. What is the thousands digit of r?
1
Let f(v) = -7 - 4*v - 9*v - 11*v - 7. What is the units digit of f(-4)?
2
Let k(s) = 2*s**2 - s - 8. Let b(f) = -f**2 + 9. Let j(v) = -3*b(v) - 4*k(v). Let t(r) = -r - 1. Let c(a) = -j(a) - 3*t(a). What is the tens digit of c(3)?
4
Let q(k) = 910*k**2 - 19*k - 31. What is the hundreds digit of q(-2)?
6
Let n(i) = 28*i**3 - 15*i**2 + 38*i - 31. What is the thousands digit of n(6)?
5
Let u = 2 - -2. Let g(j) = j**2 - 4*j. Let s be g(u). Suppose s = 4*w - 0 - 80. What is the tens digit of w?
2
Let l = -961 + 2034. What is the tens digit of l?
7
What is the tens digit of (3 + 3)/(-3) + 1144?
4
Suppose 210 = -i - 2*i. Let v be 42/i + (-26)/(-10). Suppose -20 = -3*b - v*b. What is the units digit of b?
4
Let u(n) = 2*n**3 - n**2 - n - 1. What is the units digit of u(8)?
1
Suppose 4*b = -2*o + o + 11, -o + 7 = 2*b. Let k(j) = 2 - 7*j + 28*j**b - 27*j**2 + 5 - 3. What is the units digit of k(10)?
4
Suppose 4*l + 11*v = 15*v + 756, -2*v + 8 = 0. What is the units digit of l?
3
Suppose -15 = -12*z + 7*z + 5*t, -z - 2*t = -6. Suppose 0 = -y - 3*o + 219, z*y - o + 4*o = 912. What is the units digit of y?
1
Let o(a) = -a**3 - 8*a**2 - a + 7. Let g be o(-6). Suppose -3*f = 4*b + 9 + 112, 0 = 5*f - 25. Let m = b - g. What is the units digit of m?
5
Let k = 8018 - 5484. What is the hundreds digit of k?
5
Let n(s) = -2*s - 2. Let q be n(-3). Suppose 3*j + q*i + 0*i = 562, -i = 3*j - 550. What is the hundreds digit of j?
1
Suppose -4*l + 3736 = -4*k, 2808 = 31*l - 28*l - k. What is the hundreds digit of l?
9
Suppose -4*t - 2*j + 168 = 0, 3*t + 2*j = 88 + 37. Suppose 5*x - 130 = -45. Let k = x + t. What is the tens digit of k?
6
Suppose 5*p = 5 + 15. Suppose -p*b = 2*f + 42, 59 = -0*f - 3*f - 4*b. Let a = 42 + f. What is the tens digit of a?
2
Let h be (-6)/(-24) + 1*2/(-8). Suppose -2*m + h*m + 246 = -4*i, 4*m = 2*i + 486. What is the hundreds digit of m?
1
What is the units digit of -9*((-49630)/126 - (-4)/18)?
3
What is the hundreds digit of (125 - 1) + -23 + 20?
1
Let z = 21 + -17. Suppose -2*s + 490 = s + 4*v, 705 = z*s - 5*v. Suppose -4*o + s + 26 = 0. What is the tens digit of o?
4
Let h(y) = -10*y**3 - 18*y**2 - 9*y - 21. What is the units digit of h(-6)?
5
Let v be 7*((-1)/(-7))/((-5)/(-30)). Suppose -601 = -v*p - 13. What is the tens digit of p?
9
Suppose 4*p = 5*p - 5. Suppose -f = -p - 0. Suppose q - 5*o - 11 = 0, o = f*q - 3*o - 97. What is the tens digit of q?
2
Let x(r) = -154*r + 178. What is the units digit of x(-38)?
0
Let p(a) = -73*a**2 - 4*a + 1. Let n be p(2). Let i = -179 - n. What is the hundreds digit of i?
1
Let i = 15 - 13. Let r be 696/6 + i/(-2). What is the tens digit of (r/10)/(1/6)?
6
Suppose -3*w + 25 = 1. Suppose -w = -2*l + 70. What is the tens digit of l?
3
Let f(a) = a**2 + a - 38. Let i be f(6). Suppose -3*b - 12 = -4*b. Let s = i + b. What is the units digit of s?
6
Suppose -2*a + 14 = 5*a. Suppose -4*v - 3*y + 320 = 2*y, 